e prime factors of 75393132.
2, 3, 6282761
What are the prime factors of 14327816?
2, 67, 26731
What are the prime factors of 11377526?
2, 419, 13577
List the prime factors of 570585641.
1061, 537781
What are the prime factors of 372728341?
1439, 259019
What are the prime factors of 38170980?
2, 3, 5, 70687
What are the prime factors of 75300441?
3, 431, 58237
What are the prime factors of 37171113?
3, 7, 1770053
What are the prime factors of 152289646?
2, 5953, 12791
What are the prime factors of 2323815868?
2, 11, 52813997
What are the prime factors of 116921720?
2, 5, 2923043
What are the prime factors of 32268921?
3, 37, 290711
What are the prime factors of 305877806?
2, 13, 31, 379501
List the prime factors of 216274679.
216274679
What are the prime factors of 6597975089?
21169, 311681
List the prime factors of 2761348470.
2, 3, 5, 19, 97, 49943
List the prime factors of 179565339.
3, 17, 3520889
What are the prime factors of 1032166288?
2, 17, 3794729
What are the prime factors of 71234805?
3, 5, 37, 128351
What are the prime factors of 28536709?
31, 920539
List the prime factors of 501654980.
2, 5, 1973, 12713
What are the prime factors of 65635370?
2, 5, 31, 211727
List the prime factors of 1161650908.
2, 11, 26401157
What are the prime factors of 2344663680?
2, 3, 5, 83, 14713
What are the prime factors of 455156896?
2, 14223653
List the prime factors of 42740062.
2, 21370031
What are the prime factors of 144067447?
29, 31, 160253
What are the prime factors of 373938?
2, 3, 62323
What are the prime factors of 1326161163?
3, 23, 523, 36749
List the prime factors of 125613124.
2, 7, 13, 59, 5849
List the prime factors of 24261168.
2, 3, 29, 601
What are the prime factors of 242553638?
2, 121276819
List the prime factors of 3070742881.
89, 1579, 21851
List the prime factors of 2387024967.
3, 19, 2311, 18121
What are the prime factors of 47857930?
2, 5, 4785793
What are the prime factors of 5860883593?
5860883593
What are the prime factors of 1530557?
7, 218651
What are the prime factors of 76968148?
2, 281, 68477
What are the prime factors of 2881546148?
2, 13, 55414349
What are the prime factors of 7041692135?
5, 1408338427
What are the prime factors of 188212223?
223, 844001
What are the prime factors of 77478806?
2, 1877, 20639
List the prime factors of 71125899.
3, 13, 47, 38803
List the prime factors of 129451909.
3833, 33773
List the prime factors of 1429877327.
17, 79, 1064689
What are the prime factors of 109733583?
3, 31, 149, 7919
List the prime factors of 87396880.
2, 5, 1092461
List the prime factors of 145395894.
2, 3, 7, 3461807
What are the prime factors of 3085068857?
13, 237312989
List the prime factors of 32821739.
653, 50263
List the prime factors of 296679617.
13, 1231, 18539
What are the prime factors of 107419815?
3, 5, 2387107
What are the prime factors of 32691937?
53, 616829
What are the prime factors of 2513892906?
2, 3, 7, 719, 27749
List the prime factors of 3684889374.
2, 3, 19, 821, 39371
What are the prime factors of 151145?
5, 19, 37, 43
What are the prime factors of 251165758?
2, 3251, 38629
List the prime factors of 1539578208.
2, 3, 7, 17, 19, 41, 173
What are the prime factors of 161882722?
2, 80941361
List the prime factors of 34412642.
2, 11, 43, 3307
List the prime factors of 857152512.
2, 3, 17, 5471
List the prime factors of 2999832090.
2, 3, 5, 443, 225721
What are the prime factors of 224754038?
2, 4253, 26423
What are the prime factors of 570074446?
2, 285037223
What are the prime factors of 93376502?
2, 71, 657581
What are the prime factors of 943938967?
43, 1889, 11621
List the prime factors of 7248249208.
2, 67, 13522853
List the prime factors of 7140867067.
7140867067
What are the prime factors of 213465091?
7, 30495013
What are the prime factors of 108972826?
2, 54486413
List the prime factors of 165883436.
2, 137, 271, 1117
What are the prime factors of 8145243?
3, 19, 23, 109
List the prime factors of 708809420.
2, 5, 11, 31, 43, 2417
What are the prime factors of 117540362?
2, 58770181
What are the prime factors of 8359769?
11, 59, 1171
What are the prime factors of 838489131?
3, 167, 185959
List the prime factors of 108917059.
108917059
What are the prime factors of 46042675?
5, 7, 263101
What are the prime factors of 59640793?
59640793
What are the prime factors of 234962040?
2, 3, 5, 151, 12967
What are the prime factors of 107815380?
2, 3, 5, 127, 14149
What are the prime factors of 234168387?
3, 17, 367, 12511
List the prime factors of 108378595.
5, 13, 1667363
What are the prime factors of 715488236?
2, 178872059
What are the prime factors of 1983701395?
5, 13, 61, 677, 739
List the prime factors of 1068021945.
3, 5, 23733821
List the prime factors of 412741258.
2, 1433, 144013
List the prime factors of 199115948.
2, 49778987
What are the prime factors of 787136773?
257, 277, 11057
List the prime factors of 1186347012.
2, 3, 709, 139439
What are the prime factors of 141976463?
61, 2327483
What are the prime factors of 313776372?
2, 3, 7, 13, 287341
List the prime factors of 102590696.
2, 13, 73, 13513
List the prime factors of 125810012.
2, 71, 139, 3187
List the prime factors of 245258993.
7, 35036999
List the prime factors of 1404545321.
17, 47, 67, 26237
What are the prime factors of 211602994?
2, 103, 1027199
What are the prime factors of 122745806?
2, 29, 2116307
List the prime factors of 371140850.
2, 5, 613, 12109
What are the prime factors of 3741094989?
3, 163, 2550167
List the prime factors of 2673996092.
2, 163, 1153, 3557
What are the prime factors of 68082382?
2, 17, 103, 19441
What are the prime factors of 1764230941?
11, 14580421
List the prime factors of 395983886.
2, 13901, 14243
List the prime factors of 1209353462.
2, 31, 19505701
What are the prime factors of 4879611048?
2, 3, 13, 17, 31, 59, 503
List the prime factors of 3402101.
421, 8081
What are the prime factors of 1114854748?
2, 7, 39816241
What are the prime factors of 2625676706?
2, 79, 173, 96059
List the prime factors of 1514145304.
2, 7, 239, 113131
List the prime factors of 250133229.
3, 283, 98207
What are the prime factors of 253471214?
2, 283, 447829
List the prime factors of 466471334.
2, 7, 47, 708923
List the prime factors of 173319893.
263, 659011
List the prime factors of 85675193.
29, 101873
What are the prime factors of 2261543989?
19, 163, 730237
What are the prime factors of 211609896?
2, 3, 661, 13339
List the prime factors of 3287245827.
3, 71, 601, 25679
What are the prime factors of 3678561566?
2, 53, 199, 174389
What are the prime factors of 92396262?
2, 3, 7, 29, 10837
What are the prime factors of 248257?
248257
What are the prime factors of 214702982?
2, 13, 179, 46133
What are the prime factors of 313676887?
2083, 150589
What are the prime factors of 48330966?
2, 3, 17, 473833
List the prime factors of 2035145275.
5, 137, 594203
What are the prime factors of 1076287891?
7, 103, 213253
List the prime factors of 81688605.
3, 5, 41, 43, 3089
What are the prime factors of 554070518?
2, 5581, 49639
What are the prime factors of 983801132?
2, 907, 271169
What are the prime factors of 1352567836?
2, 338141959
List the prime factors of 322052647.
7, 23, 40823
What are the prime factors of 520098152?
2, 7, 1326781
List the prime factors of 196803258.
2, 3, 193, 169951
List the prime factors of 46769893.
46769893
List the prime factors of 999584585.
5, 19, 2843, 3701
List the prime factors of 748327405.
5, 7, 37, 53, 10903
What are the prime factors of 321357932?
2, 7, 23, 29, 17207
List the prime factors of 73652685.
3, 5, 4910179
What are the prime factors of 3151998305?
5, 17, 37082333
What are the prime factors of 29000036?
2, 13, 557693
List the prime factors of 2445212.
2, 7, 11, 17, 467
What are the prime factors of 324681682?
2, 13, 12487757
What are the prime factors of 82411210?
2, 5, 7, 37, 47, 677
List the prime factors of 6641704475.
5, 7, 2371, 16007
What are the prime factors of 410489044?
2, 7, 14660323
What are the prime factors of 250753266?
2, 3, 4643579
What are the prime factors of 301276555?
5, 67, 251, 3583
What are the prime factors of 45975564?
2, 3, 1277099
List the prime factors of 980807782.
2, 29, 2477, 6827
What are the prime factors of 100998439?
100998